of 1303/5*(b - -9)?
3
Let v(q) = 8 + 47*q + 5*q**2 - 10*q - q**3 - 17*q. Suppose 0 = -2*i - 0*i + 12. What is the tens digit of v(i)?
9
Suppose -m = 343 + 410. Let r = m + 1535. What is the tens digit of r?
8
Let w(u) = -u**2 - u. Let n(k) = 11 + 9 - 6*k + 5 - 21 - 13*k**2. Let l(f) = -n(f) + 4*w(f). What is the units digit of l(-3)?
1
Let w(t) = -2504*t - 5. Let p(m) = 501*m + 1. Let c(u) = -11*p(u) - 2*w(u). What is the tens digit of c(-3)?
0
Let c = 48 + -51. Let i(z) = -4*z**2 - 17*z + 16. Let d(w) = 7*w**2 + 34*w - 33. Let g(j) = c*d(j) - 5*i(j). What is the tens digit of g(-14)?
6
Let k = -33 + 39. Suppose 0 = k*x - 4*x - 2. What is the tens digit of (-1)/x + (-10 - -132)?
2
Let q(r) = 2*r**2 - 5*r - 7. Let p be q(-2). Suppose 3*d - 3*x = 90, d - 2*x - p = 22. Let f = d - 16. What is the units digit of f?
1
Let j be -2 - 36822/(-12 + 6). Suppose 6*z - 4*z = 5*o - j, 0 = o - 4*z - 1227. What is the units digit of o?
7
Let h(k) = 12*k**2 - 7*k + 20. Suppose 10*o - 5*o - q - 39 = 0, 3*o - 29 = 2*q. What is the units digit of h(o)?
9
Suppose -42*l = -20*l - 7348. Let y = -202 - -40. Let c = l + y. What is the tens digit of c?
7
Let o be -12 + (1 - -8 - 2). What is the hundreds digit of (5/(-25))/(o/7725)?
3
Suppose -5*x - 3*i + 6925 = -2987, -7930 = -4*x - 2*i. What is the units digit of x?
3
Let x be (-4 + 3)*(-2 - 3). Suppose -x*f = v - 3*f - 170, -2*v + 3*f + 375 = 0. What is the tens digit of v?
8
Suppose -67*s - 74*s + 857985 = 0. What is the hundreds digit of s?
0
What is the tens digit of (7/(-7))/(8/(-142168))?
7
Let y be -3 - 1 - -8 - (-37 - -1). Suppose -20*f + 1580 = -y. What is the tens digit of f?
8
Let u = 152 - 366. What is the tens digit of 7 - (u + -7 + 8)?
2
Let w(t) = -7*t - 30. Let s be w(-5). Suppose -4*m + 3*l + 921 = -m, 0 = -s*m + l + 1527. What is the hundreds digit of m?
3
Suppose -2*v - 122 + 14 = 3*s, -3*s = -5*v + 129. Let j be 9*15/54*(-186)/(-5). Let o = s + j. What is the tens digit of o?
5
Let u be 26/3*(-6)/(-4). Suppose 16*b = u*b - 15. What is the units digit of 1/b + 1323/15?
8
Suppose 4*h = -32 + 44. Suppose 7*w - 3*d + 9398 = 2*w, 5*w + h*d = -9392. What is the hundreds digit of w/(-11) + 632/88 + -7?
1
Let f = 3268 - -8281. What is the units digit of f?
9
Let w = 23809 - 9801. What is the tens digit of w?
0
Let r(a) = 10*a**3 + 8*a**2 - 124*a + 146. What is the tens digit of r(19)?
6
Let m(u) = -224*u + 180. What is the thousands digit of m(-32)?
7
Let n = 11009 + -1455. What is the thousands digit of n?
9
Suppose 136252 = 4099*j - 4076*j. What is the tens digit of j?
2
Let u = 2483 - 747. What is the thousands digit of u?
1
Suppose -21*u = 52*u - 1095511. What is the ten thousands digit of u?
1
Let w(g) = -4*g + 7*g + 5*g**3 - 7*g**2 - 6*g**3 + 12. Let c be w(-7). What is the units digit of (12 + c)/(1/1)?
3
Let j(w) = -w**3 + 4*w**2 + 12*w - 16. Suppose -5*y - 10 = 5*x, 5*x + 0*x + 3 = -4*y. What is the hundreds digit of j(y)?
4
Suppose -3231 = -3*r + 5*p, r - 4*p - 1408 = -338. Let t = r + -674. What is the units digit of t?
8
Suppose -4*s - 7 + 19 = 0. Let o be (3/(-9))/(s/9). What is the tens digit of o + -3 + 5 - -130?
3
Let b(p) = 37*p**3 + 7*p**2 - 39*p - 137. What is the hundreds digit of b(7)?
6
Let f = 436622 - 258502. What is the hundreds digit of (f/(-183))/((-4)/6)?
4
Let f(a) be the third derivative of 7*a**5/30 + 5*a**4/24 + a**3/3 + 32*a**2 + 2. What is the units digit of f(-6)?
6
Let a(t) = -3*t**2 - 38*t - 5. Let l be a(-15). Let d = l - -1182. What is the hundreds digit of d?
0
Suppose 0 = -3*b + m + 2256, 3*b - 710 - 1543 = 2*m. Let w(a) = a**2 + 8*a - 103. Let s be w(-15). What is the hundreds digit of b/(18/(4 + s))?
2
Let n = -2071 + 2071. Let a = 8 + -5. Suppose a*b - 251 - 175 = n. What is the tens digit of b?
4
Let p = -16090 - -18791. What is the units digit of p?
1
Let n = 212 + -144. Let b = 59 - 128. Let m = n - b. What is the tens digit of m?
3
Let p(u) = -u**2 + 7*u - 13. Let g be p(4). Let l be (0/2)/1*g. Suppose l = 10*n - 11*n + 76. What is the tens digit of n?
7
Suppose -178969 = -28*a - 9*a. What is the tens digit of a?
3
Suppose 5*r + 34 + 138 = z, -3*z = -4*r - 142. Let m = r + 39. Suppose -2*t = -5*n + 574, -4*n + 285 + 164 = -m*t. What is the tens digit of n?
1
Suppose -3*b - 250 - 165 = -2*x, -560 = 4*b - 4*x. Let d(u) = -u**2 + 319. Let p be d(0). Let k = p + b. What is the hundreds digit of k?
1
Let i be -11 + (-140)/(-10) - 9 - -12. Let a be 0/(-1 - -3) - -978. Suppose -i*s - 96 = -a. What is the hundreds digit of s?
1
What is the tens digit of -116*1407/(-21)*2/4?
8
Let q be 1*(-1 + 2 + 4). Suppose -9*t = -4*r - 10*t + 19, -t - q = 0. What is the hundreds digit of (1928/(-16))/((-3)/r)?
2
Let x = 25568 + -17836. What is the thousands digit of x?
7
What is the ten thousands digit of ((-7841)/(-7) - -1)*2856/306?
1
What is the hundreds digit of ((-23334)/15 - 0)/((-2)/(-5)*-1)?
8
Suppose 0 = 118*r - 3298312 + 1132776. What is the hundreds digit of r?
3
Let x = 58277 - 40706. What is the tens digit of x?
7
Suppose u = 3*s - 2*s, -s + 6 = -4*u. Let q(z) = 12*z**2 + z + 1. Let w be q(s). Suppose 42*f + 625 = w*f. What is the hundreds digit of f?
1
Let u be ((-4)/(-2) + 167)*-1. What is the tens digit of 1 - u*(-3 + 5)?
3
Let d(k) = 748*k + 1914. Let w(g) = -83*g - 213. Let u(m) = 6*d(m) + 55*w(m). What is the units digit of u(-10)?
9
Let d(x) = 344*x + 59. Let b be d(4). Suppose b = 173*w - 172*w. What is the units digit of w?
5
Suppose -117245 = 15*l - 408500. What is the ten thousands digit of l?
1
Suppose 0*k + 5*k - 3*w = 275, -220 = -4*k + 5*w. Let h = k - 53. Let c(y) = 41*y**2 + 4*y - 7. What is the tens digit of c(h)?
6
Let u = -596 + 980. Let t = 707 - u. What is the hundreds digit of t?
3
Suppose 39*v - 84074 - 123411 + 17594 = 0. What is the thousands digit of v?
4
Suppose 4*u = 0, 5*o - 5*u = -4*u. Suppose o*m + 2*m - 5*d = -6, m - 2*d = -2. Suppose 0 = -2*x - m*p + 172, -12 = -2*p + 5*p. What is the units digit of x?
0
Let n(y) = -17*y**3 + 4*y**2 + 6*y + 6. Let f be n(-5). Let r be (-69)/161 + f/7. Suppose 0 = -5*u - 4*p + r, -2*p + 3*p = u - 70. What is the units digit of u?
6
Suppose 0 = -c - 2*y - 86, 13 = c + 3*y + 104. What is the tens digit of (-1 - -2)/(c/(-11932))?
5
Suppose -106 = -g - 104. Suppose 2*a + 2*z = -0*a + 66, g*a - 3*z = 91. What is the tens digit of -2*(3 + (-21)/6 - a)?
7
Suppose -7*s = -2 - 5. Let c(n) = -6*n - 46. Let o be c(-6). What is the hundreds digit of s + (-969)/(-9) - o/(-15)?
1
Suppose 5*y = -5*y - 20. Let n be (-1)/(y/420*-3). Let t = n + 93. What is the tens digit of t?
2
Let r(j) = 2*j**3 - 8*j**2 + 6*j - 20. Let c be r(8). Suppose -c = -11*i + 7*i. Suppose -7*d + 4*d - m + i = 0, 2*d = 4*m + 90. What is the units digit of d?
5
Suppose -3*h + 36577 + 50595 = 16*h. What is the tens digit of h?
8
What is the thousands digit of ((12 - 10)/((-12)/(-68)))/((-2)/(-636))?
3
Let s(b) = 155*b**3 - 2*b**2 + 2*b - 1. Let j be s(1). Suppose 6*z - j = -z. Suppose -13*o - z = -15*o. What is the tens digit of o?
1
What is the tens digit of (3/27 + (-460)/90)/((-2)/1474)?
8
Let g = 13 - 3. Suppose 4 = a - 3*a, -3*a - g = -p. Suppose p*w = -w + 170. What is the tens digit of w?
3
Suppose 0 = 4*g - 2*a - 4, 4*g = 3*a - 6*a - 6. Let k be 9 - (1 - -1)/(-1 - g). Suppose k*y - 13*y = -216. What is the units digit of y?
8
Suppose 211*b - 93018 - 3434794 = 2676221. What is the units digit of b?
3
Let u(v) = -31*v - 139. Let r be u(15). What is the tens digit of (1 - r) + 12 + -14?
0
Let x(p) = 3184*p**2 - 277*p - 877. What is the tens digit of x(-3)?
1
Let c(f) = f**3 - 12*f**2 - 26*f - 16. Let l be c(14). Suppose 0 = l*w + 8*w - 4320. What is the tens digit of w?
1
Let x(z) = -z. Let f(q) = q**3 - q**2 - q + 1. Let v be f(0). Let g(a) = 18*a - 18. Let c(r) = v*g(r) + 5*x(r). What is the units digit of c(7)?
3
Suppose 5*f = 11*f - 12. Let q(j) = -j**2 - 1. Let m(d) = d**3 + 17*d**2 - 23*d - 11. Let x(n) = f*q(n) + m(n). What is the tens digit of x(-16)?
9
What is the thousands digit of (-57)/2*(-1231 - -5)?
4
Let p = -8557 + 15334. What is the hundreds digit of p?
7
Let q(f) = 6*f**2 - 2*f - 5. Let v(r) = r - 3. Let n be v(8). Let l be 4 - 2/2*(n + 2). What is the tens digit of q(l)?
5
Suppose 4*o - 5*m = 15, -3*o - 9 = 4*m + 3.